*w**2. Calculate t(-1).
1
Let u(z) = -z + 3. Let i be 1 + 16 - (4 - 7). Suppose 2*k - i = 6*k. What is u(k)?
8
Let d(b) be the third derivative of b**6/120 - b**5/60 + b**4/24 - 3*b**3/2 - b**2. Suppose 15 = 5*w, -2*f + w + 2 = 5. Calculate d(f).
-9
Let m(r) = -r**2 - 5*r - 2. Let u be m(-4). Let h(q) = q**3 + 4*q**u + 3 - 9*q**2 - 5 + q. Calculate h(5).
3
Let l(v) = -v**3 - 4*v**2 + 6*v - 9. Let q(k) = 2*k**2 + 6*k**2 + 2*k**3 + 15 - 11*k + 2. Let o(y) = -11*l(y) - 6*q(y). Suppose -20 = 2*u + 3*u. Calculate o(u).
-3
Let o(v) = v. Let j(s) = -2*s + 1. Let x(l) = j(l) + 3*o(l). Suppose 2*g = -2 - 6. What is x(g)?
-3
Let l(a) = a**2 + 3*a + 1. Let b be (-51)/(-9) + 2/6. Let m = b - 10. What is l(m)?
5
Let x be ((-4)/(-6))/(4/18). Suppose -5*c = -5*q - 3*c + 13, -5*q - x*c = 7. Let m(p) be the first derivative of -p**4/2 + p**2/2 - p + 1. What is m(q)?
-2
Let r(z) = 2*z**2 - 2*z + 1. Let v = -9 - -11. Suppose -v = -3*k + 1. Give r(k).
1
Let d(t) be the second derivative of -t**4/12 - t**3 + t**2/2 + 7*t. Give d(-6).
1
Let b(s) be the second derivative of s**6/240 + s**4/6 + s. Let v(k) be the third derivative of b(k). Let w = -5 - -3. What is v(w)?
-6
Let r = 0 + 1. Let k be ((-8)/12)/(r/(-6)). Let z(h) = 7*h + k + h**2 + h - 2*h. What is z(-3)?
-5
Let d be (-235)/(-75) + (-6)/45. Let j(a) = a**3 - 2*a**2 - a - 2. Let r(o) = -1. Let p(i) = j(i) - 2*r(i). Determine p(d).
6
Let q(l) = l - 3*l**3 - 14*l**2 - 13 - 3*l + 2*l**3 + 0*l**3. Let p(u) = -u**3 - 13*u**2 - 2*u - 12. Let n(x) = -7*p(x) + 6*q(x). Give n(-7).
-8
Suppose 3*s = 2*s. Let b(i) = i + 7. Give b(s).
7
Let t(m) = m**2 - 8*m + 2. Suppose 0 = 3*c - r + 2, 0*c + 2 = -c + r. Let i = c + 6. Determine t(i).
-10
Let c(q) be the second derivative of -1/6*q**3 + 0 - 2*q**2 + 3*q. Determine c(-3).
-1
Let t(x) = -2*x**3 + 2*x - 1. Let c be t(1). Let z(o) = -6*o**2 - 7*o - 7. Let p(h) = -3*h**2 - 3*h - 3. Let u(l) = 7*p(l) - 3*z(l). What is u(c)?
-3
Let p(f) be the second derivative of -f**3/6 - f**2/2 + f. Suppose 0 = -3*w + 5 - 8. What is p(w)?
0
Let c(x) = -7*x + x + x + 2*x. Suppose 0 = 4*s - 5*a + 23, 3*a = -3*s + a. Calculate c(s).
6
Suppose -4*q = -5*n + 12, -q - 5 + 3 = -n. Suppose -q*v - 15 = v. Let i(m) = -m**2 - 3*m + 3. Determine i(v).
-7
Let u(t) = t**3 + 5*t**2 + 5*t + 5. Let h be (-3)/(-1*(-3)/4). Let r be u(h). Let o(a) = 9 + 1 - a - 4 + r. Determine o(5).
2
Let w(f) = -2 + f**2 - 6*f + 0 + 1. Give w(6).
-1
Let i(f) be the first derivative of f**4/4 - 2*f**3/3 + 2*f**2 - 2*f - 9. Calculate i(2).
6
Let m = -30 + 55. Let t = m - 19. Let l(b) = b - 7. Give l(t).
-1
Let q(u) be the second derivative of -u**4/12 - 5*u**3/3 - 8*u**2 + 7*u. Let m be q(-8). Let i(t) = t**3 + t**2 - t + 1. Determine i(m).
1
Let h = -2 + -2. Let d(m) = -m**3 - 3*m**2 + 4*m + 2. Let t be d(h). Let v(w) = -2*w**3 + w**2 - w + 2. Calculate v(t).
-12
Let u(d) = -3*d**2 + 2*d - 8. Let y(v) = 2*v**2 - v + 5. Let c(q) = 5*u(q) + 8*y(q). What is c(-2)?
0
Let n(w) = -w**3 - 3*w**2 - 2*w - 4. Let o be n(-3). Let k(v) = -2 + 3 + 0 + v + v**o. Suppose -3*s = 0, 3*t + 3*s = -3 - 0. Give k(t).
1
Let y(f) = f**3 - 2*f**2 - 5*f + 2. Suppose 13 = 4*l + 1. Let t be (-1)/l*(-9 + 0). Give y(t).
-4
Let g(o) = 0*o**2 - 13 + o**2 + 0*o**2. Determine g(0).
-13
Let v = 6 + -11. Let o(w) = -7*w + w**3 - 6 + 0*w**3 - 6*w**2 + 2*w**3 - 4*w**3. What is o(v)?
4
Let s(q) = q**2 + 7*q + 4. Let a(i) = i + 9. Let c be a(-11). Let g(l) = 2*l**3 + 4*l**2 + 4*l + 2. Let u be g(c). What is s(u)?
-2
Let t(u) = -2*u - 5. Let m = -6 - -11. Suppose -3*f + 13 = m*l, -f = -3*l - 3 + 22. Calculate t(f).
3
Let f(n) = -n + 10. Let v be f(10). Suppose 0 = 3*j - v + 9. Let q(b) = b - 3. Determine q(j).
-6
Let j(q) = q - 3 - q**2 + 3 + 5*q**3. Let l(g) = -g**2 + 4*g + 6. Let o be l(5). What is j(o)?
5
Let y(g) = -6*g - 6. Suppose 0 = 6*m - 25*m - 76. Determine y(m).
18
Let u(s) = -11 - 3 - 1 + 6*s - 1 + 19*s**2. Let k(c) = -4*c**2 - c + 3. Let n(f) = -11*k(f) - 2*u(f). Give n(-1).
6
Let q(u) = -u**3 - 8*u**2 + 10*u + 9. Suppose 3*a = -2*k - 15, 2*k + 5*a - a + 14 = 0. Let h be q(k). Let p(o) = -o**2 - 4. What is p(h)?
-4
Let k(f) = -f**3 - 7*f**2 - 8*f - 7. Let a be k(-6). Let s(w) = 6 + 0*w**2 + w**2 - a. Calculate s(0).
1
Suppose 5*c = -1 + 26. Suppose c*l + 3*i + 5 = 2, 4*l = 5*i - 32. Let t(j) = -j**3 - 4*j**2 - j + 2. Calculate t(l).
-4
Let g(m) = 7*m - 8. Let f(d) = -2*d + 2. Let t(x) = -22*f(x) - 6*g(x). Calculate t(-5).
-6
Let w(a) = -a**3 - a**2 - a + 1. Let y(q) = -5*q**3 - 6*q**2 - 6*q + 6. Let m(r) = 22*w(r) - 4*y(r). Calculate m(2).
-6
Let x be (-2 + 0)*(13 + -14). Let y(u) = -2*u - 2. What is y(x)?
-6
Let h(m) = m**3 - m + 12. Suppose 4*k = -d + 4, -4*d = 3*k - 22 - 7. Let c(v) = v**3 - 9*v**2 + 8*v. Let y be c(d). Give h(y).
12
Let n(c) = -6*c**2 - c + 6. Let x(y) = y**2 - 1. Let o(s) = 2*n(s) + 14*x(s). Let r(f) = -10*f. Let b be r(-1). Suppose k = 6*k - b. Calculate o(k).
2
Let j(s) = -2*s**3 + 2*s**2 + 2*s + 1. Let h(b) = -2*b**3 + b**2. Let x be h(1). What is j(x)?
3
Let b(k) = -k**3 + 4*k**2 + 5*k + 2. Let q(u) = 0*u - 3*u - 8 + 4*u. Let a(j) = -2*j + 7. Let c(s) = 3*a(s) + 4*q(s). Let g be c(-8). What is b(g)?
2
Let x(n) = 2*n + 3. Let h be x(-5). Let s(i) = i + 13. Give s(h).
6
Suppose -2*g = -4*d - 22, -g + 12 = -0*g - 3*d. Let i(l) = -l**3 + 9*l**2 + l - 12. Give i(g).
-3
Let d(s) = 5*s + 4 - 11*s + 5*s. Let g = 22 + -7. Let z be (-44)/(-10) - 6/g. What is d(z)?
0
Let f be (-2)/(-6) + (-88)/(-6). Let j = f - 11. Let k(l) = l. Let h(w) = -2*w - 1. Let m(x) = -h(x) - k(x). Determine m(j).
5
Let f(v) = v**2 - 2*v + 5. Let h(n) = n. Let z(j) = f(j) + 5*h(j). Let w be (-1)/4*(11 - (11 + -20)). Calculate z(w).
15
Let c(i) be the first derivative of 1/3*i**3 + 3*i + 5 + 5/2*i**2. What is c(-4)?
-1
Suppose 0 = 5*u + 4*y - 31, -y - y + 2 = -2*u. Let p(x) = -3 + 7*x + 1 - u*x + 5. Suppose -2*d - 1 = 3. Calculate p(d).
-5
Let j(u) = 3*u**2 - 5*u - 3. Let a(m) = -m**2 + m + 1. Let l(c) = -6*a(c) - j(c). Calculate l(3).
21
Suppose -1 = -l + 1. Let f(i) = 0 - i**l + 0 + 4*i. Determine f(3).
3
Let t(c) = c**2 - 14*c + 2 - 17*c + 27*c. Let j = 6 - 4. Calculate t(j).
-2
Let m(u) = -u**2 + u + 7. Let p be m(4). Let z(d) be the first derivative of -d**2/2 - 2*d - 3. Give z(p).
3
Let h(j) = -3*j**2 + 2*j**2 + 2*j**2 + 5*j - 2*j**2 - 6. What is h(5)?
-6
Let t(f) = -10*f + 1. Let z(q) = -q. Let r(k) = -t(k) + 4*z(k). Give r(1).
5
Let k = 7 - 3. Suppose 5*v - k*v = 1. Let h(u) = -3*u**2 + 6*u**2 - 1 + 0. What is h(v)?
2
Let l(w) be the third derivative of w**5/60 + w**3/6 - w**2 - 42*w. Let y = 2 - 3. Give l(y).
2
Let y(c) be the first derivative of -3*c**2/2 + 4*c + 2. Let w be 2*3*(-17)/(-34). Calculate y(w).
-5
Let t(g) = 6*g**2 + g - 2. Let q be t(1). Let u(k) = -3*k + 6. Give u(q).
-9
Let r(x) be the second derivative of -x**3/6 + 3*x**2/2 + 42*x. Let c = -5 - -9. Calculate r(c).
-1
Suppose 2*b + 3*b = -4*m + 65, -28 = -2*b - 2*m. Let v(c) = c - 6. Let g be v(b). Let w(k) = 4*k**2 - 2*k + 3 + 4*k + 0*k + k**g. What is w(-4)?
-5
Let u(z) be the second derivative of z**5/60 + 5*z**4/24 + z**3 + z**2/2 - 2*z. Let t(l) be the first derivative of u(l). Calculate t(-4).
2
Let y(w) = -w**2 + 1. Let s(v) = 3*v**2 - 2*v - 3. Let k(o) = -s(o) - 2*y(o). Suppose 5*n - 15 = 3*p + 2*p, -5*n = -10. What is k(p)?
-2
Let q(w) = -w**2 + 2. Let j = -5 + 10. Suppose n = -5*y - 4 - 3, -4*n + j*y = -22. Determine q(n).
-7
Let w(o) = o**3 + 4*o**2 - 4*o - 4. Suppose -5*i + 14 - 29 = 0. Determine w(i).
17
Let g = -4 + 8. Let c(b) = -2*b + b - g + 12. Give c(7).
1
Let s(m) = m - 1. Suppose -n + 24 = 2*j + j, -5*n + j = -152. Let o be 2/(-4) - (-5)/2. Let y be (n/(-9))/(o/(-3)). Give s(y).
4
Let j(a) = 1589*a**2 + 8*a - a**3 - 8 - 1583*a**2 - 1 + 0. Determine j(7).
-2
Let v be (4/(-10))/((-8)/80). Let s(z) be the second derivative of 1/6*z**3 + z + 0 + 1/12*z**v - 1/20*z**5 + 0*z**2. Give s(0).
0
Let c(y) = -3*y - 7. Let q(j) = j + 4. Let w(v) = 3*c(v) + 5*q(v). Give w(2).
-9
Let d(r) = -49*r**3 - 2*r - 11. Let c(q) = -25*q**3 - q - 6. Let b(p) = 11*c(p) - 6*d(p). What is b(-1)?
-20
Let y be -3 + (-1 - -3) + 0. Let z = 7 - y. Suppose j - 5*j + z = 0. Let c(l) = l**3 - 3*l**2 + 3*l - 1. Determine c(j).
1
Let g(z) = 5*z**3 + 4*z**2 + 7. Let k(t) = 6 + 3*t**3 + 5*t**3 + t**2